{"id":65,"date":"2021-01-17T10:06:06","date_gmt":"2021-01-17T10:06:06","guid":{"rendered":"https:\/\/haraldreichle.de\/?page_id=65"},"modified":"2021-01-20T19:33:42","modified_gmt":"2021-01-20T19:33:42","slug":"widerrufsrecht","status":"publish","type":"page","link":"https:\/\/haraldreichle.de\/index.php\/widerrufsrecht\/","title":{"rendered":"Widerrufsrecht"},"content":{"rendered":"\n<p>Wenn Sie einen Termin bei mir buchen oder einen Termin best\u00e4tigen, kommt ein Vertrag zustande. Nachfolgend informiere ich Sie \u00fcber das gesetzlich vorgegebene Widerrufsrecht. Wenn Sie Fragen zum Widerrufsrecht haben, nehmen Sie bitte mit mir Kontakt auf. <em>Anmerkung vorab: Das Widerrufsrecht muss in der Originalform wiedergegeben werden und darf nicht angepasst werden. An einigen Stellen des Textes ein kann so ggf. ein unpassender Eindruck entstehen.<\/em><\/p>\n\n\n\n<h2 class=\"wp-block-heading\"><strong>WIDERRUFSRECHT<\/strong>:<\/h2>\n\n\n\n<p>Sie &nbsp;haben das Recht, binnen vierzehn Tagen ohne Angabe von Gr\u00fcnden diesen &nbsp;Vertrag zu widerrufen. Die Widerrufsfrist betr\u00e4gt vierzehn Tage ab dem &nbsp;Tag des Vertragsabschlusses. Um Ihr Widerrufsrecht auszu\u00fcben, m\u00fcssen Sie &nbsp;mich,<\/p>\n\n\n\n<p>Harald Reichle, Sch\u00f6nfeldstra\u00dfe 1, 76131 Karlsruhe<\/p>\n\n\n\n<figure class=\"wp-block-image\"><img loading=\"lazy\" decoding=\"async\" width=\"146\" height=\"23\" src=\"https:\/\/haraldreichle.de\/wp-content\/uploads\/2020\/12\/emailBild.png\" alt=\"\" class=\"wp-image-34\"\/><\/figure>\n\n\n\n<p>mittels einer eindeutigen Erkl\u00e4rung (z. B. ein mit der Post versandter &nbsp;Brief oder E-Mail) \u00fcber Ihren Entschluss, diesen Vertrag zu widerrufen, &nbsp;informieren. Sie k\u00f6nnen daf\u00fcr das beigef\u00fcgte Muster-Widerrufsformular &nbsp;verwenden, das jedoch nicht vorgeschrieben ist.<br><br>Zur Wahrung der &nbsp;Widerrufsfrist reicht es aus, dass Sie die Mitteilung \u00fcber die Aus\u00fcbung &nbsp;des Widerrufsrechts vor Ablauf der Widerrufsfrist absenden.<\/p>\n\n\n\n<p><strong>Folgen des &nbsp;Widerrufs: <\/strong>Wenn Sie diesen Vertrag widerrufen, haben ich Ihnen alle &nbsp;Zahlungen, die ich von Ihnen erhalten habe, unverz\u00fcglich und sp\u00e4testens &nbsp;binnen vierzehn Tagen ab dem Tag zur\u00fcckzuzahlen, an dem die Mitteilung &nbsp;\u00fcber Ihren Widerruf dieses Vertrags bei mir eingegangen ist.<br>F\u00fcr &nbsp;diese R\u00fcckzahlung verwende ich das selbe Zahlungsmittel, das Sie bei der &nbsp;urspr\u00fcnglichen Transaktion eingesetzt haben, es sei denn, mit Ihnen &nbsp;wurde ausdr\u00fccklich etwas anderes vereinbart; in keinem Fall werden Ihnen &nbsp;wegen dieser R\u00fcckzahlung Entgelte berechnet. Haben Sie verlangt, dass &nbsp;die Dienstleistung w\u00e4hrend der Widerrufsfrist beginnen soll, so haben &nbsp;Sie mir einen angemessenen Betrag zu zahlen, der dem Anteil der bis zu &nbsp;dem Zeitpunkt, zu dem Sie mir von der Aus\u00fcbung des Widerrufsrechts &nbsp;hinsichtlich dieses Vertrags unterrichten, bereits erbrachten &nbsp;Dienstleistungen im Vergleich zum Gesamtumfang der im Vertrag &nbsp;vorgesehenen Dienstleistungen entspricht. &nbsp;<\/p>\n\n\n\n<p><strong>Muster-Widerrufsformular <\/strong>&nbsp;(Wenn Sie den Vertrag widerrufen wollen, dann f\u00fcllen Sie bitte dieses &nbsp;Formular aus und senden Sie es zur\u00fcck.)<br><br>An:Harald Reichle, Sch\u00f6nfeldstra\u00dfe 1, 76131 Karlsruhe<\/p>\n\n\n\n<p>Hiermit widerrufe(n) ich\/wir (*) den von mir\/uns (*) abgeschlossenen Vertrag \u00fcber<br><br>O den Kauf der folgenden Waren (*)\/die Erbringung der folgenden Dienstleistung (*)<br>O Bestellt am (*)\/erhalten am (*)<br>O Name des\/der Verbraucher(s)<br>O Anschrift des\/der Verbraucher(s)<br>O Unterschrift des\/der Verbraucher(s) (nur bei Mitteilung auf Papier)<br>O Datum &nbsp;<\/p>\n\n\n\n<p>(*) Unzutreffendes streichen. &nbsp;<\/p>\n\n\n\n<p><\/p>\n","protected":false},"excerpt":{"rendered":"<p>Wenn Sie einen Termin bei mir buchen oder einen Termin best\u00e4tigen, kommt ein Vertrag zustande. Nachfolgend informiere ich Sie \u00fcber das gesetzlich vorgegebene Widerrufsrecht. Wenn Sie Fragen zum Widerrufsrecht haben, nehmen Sie bitte mit mir Kontakt auf. Anmerkung vorab: Das Widerrufsrecht muss in der Originalform wiedergegeben werden und darf nicht angepasst werden. An einigen Stellen&hellip;&nbsp;<a href=\"https:\/\/haraldreichle.de\/index.php\/widerrufsrecht\/\" rel=\"bookmark\">Weiterlesen &raquo;<span class=\"screen-reader-text\">Widerrufsrecht<\/span><\/a><\/p>\n","protected":false},"author":2,"featured_media":0,"parent":0,"menu_order":0,"comment_status":"closed","ping_status":"closed","template":"","meta":{"neve_meta_sidebar":"full-width","neve_meta_container":"","neve_meta_enable_content_width":"on","neve_meta_content_width":100,"neve_meta_title_alignment":"","neve_meta_author_avatar":"","neve_post_elements_order":"","neve_meta_disable_header":"","neve_meta_disable_footer":"","neve_meta_disable_title":"","footnotes":""},"class_list":["post-65","page","type-page","status-publish","hentry"],"_links":{"self":[{"href":"https:\/\/haraldreichle.de\/index.php\/wp-json\/wp\/v2\/pages\/65","targetHints":{"allow":["GET"]}}],"collection":[{"href":"https:\/\/haraldreichle.de\/index.php\/wp-json\/wp\/v2\/pages"}],"about":[{"href":"https:\/\/haraldreichle.de\/index.php\/wp-json\/wp\/v2\/types\/page"}],"author":[{"embeddable":true,"href":"https:\/\/haraldreichle.de\/index.php\/wp-json\/wp\/v2\/users\/2"}],"replies":[{"embeddable":true,"href":"https:\/\/haraldreichle.de\/index.php\/wp-json\/wp\/v2\/comments?post=65"}],"version-history":[{"count":6,"href":"https:\/\/haraldreichle.de\/index.php\/wp-json\/wp\/v2\/pages\/65\/revisions"}],"predecessor-version":[{"id":718,"href":"https:\/\/haraldreichle.de\/index.php\/wp-json\/wp\/v2\/pages\/65\/revisions\/718"}],"wp:attachment":[{"href":"https:\/\/haraldreichle.de\/index.php\/wp-json\/wp\/v2\/media?parent=65"}],"curies":[{"name":"wp","href":"https:\/\/api.w.org\/{rel}","templated":true}]}}